?
False
Is 8 a factor of 107288?
True
Is 247122 a multiple of 10?
False
Does 276 divide 195586?
False
Is 372331 a multiple of 29?
True
Does 75 divide 3282516?
False
Is 446341 a multiple of 176?
False
Is 2177413 a multiple of 10?
False
Is 451693 a multiple of 77?
False
Does 141 divide 140618?
False
Does 60 divide 5256840?
True
Is 9424619 a multiple of 22?
False
Does 303 divide 601152?
True
Is 48616 a multiple of 32?
False
Is 105505 a multiple of 131?
False
Is 393 a factor of 455699?
False
Is 53 a factor of 159096?
False
Is 34 a factor of 40392?
True
Does 183 divide 2858277?
True
Is 29 a factor of 68962?
True
Is 52426 a multiple of 11?
True
Is 20 a factor of 97698?
False
Does 547 divide 2883533?
False
Is 3427274 a multiple of 43?
False
Does 4 divide 273550?
False
Is 132888 a multiple of 21?
True
Is 27 a factor of 8043189?
False
Is 411 a factor of 234270?
True
Is 24 a factor of 137544?
True
Is 2 a factor of 9899?
False
Is 13 a factor of 8073078?
True
Does 286 divide 91520?
True
Is 405961 a multiple of 30?
False
Is 241326 a multiple of 27?
True
Is 542120 a multiple of 274?
False
Is 4836848 a multiple of 19?
False
Is 222993 a multiple of 37?
False
Is 12084 a multiple of 76?
True
Is 133156 even?
True
Is 22 a factor of 24266?
True
Does 71 divide 1583229?
True
Does 94 divide 2470508?
True
Is 198039 a multiple of 251?
True
Does 4 divide 5996?
True
Is 91 a factor of 21567?
True
Is 3952135 a multiple of 1095?
False
Is 4155650 a multiple of 25?
True
Does 10 divide 324608?
False
Does 23 divide 9053858?
True
Is 5 a factor of 227180?
True
Does 2 divide 2948239?
False
Is 2 a factor of 447363?
False
Does 380 divide 276260?
True
Is 69 a factor of 204476?
False
Is 36903652 a multiple of 818?
False
Is 34 a factor of 18791?
False
Is 1128525 a multiple of 645?
False
Is 16 a factor of 170304?
True
Is 496947 a multiple of 363?
True
Does 133 divide 7188772?
False
Is 23320 a multiple of 22?
True
Is 297 a factor of 1001429?
False
Does 113 divide 400020?
True
Is 1109466 a multiple of 32?
False
Does 10 divide 161777?
False
Is 96809 a multiple of 72?
False
Is 176 a factor of 14437280?
True
Is 164800 a multiple of 100?
True
Is 39 a factor of 204838?
False
Is 110 a factor of 14080?
True
Does 135 divide 42795?
True
Is 60500 a multiple of 500?
True
Does 69 divide 290352?
True
Is 10 a factor of 368550?
True
Is 1254122 a multiple of 326?
True
Is 5 a factor of 37705?
True
Does 85 divide 1306134?
False
Is 89 a factor of 8388801?
False
Is 13 a factor of 1759581?
False
Does 17 divide 1007210?
False
Does 353 divide 691880?
True
Is 422124 a multiple of 4?
True
Does 4 divide 11737725?
False
Is 55 a factor of 8177895?
True
Does 29 divide 151282?
False
Does 84 divide 176373?
False
Does 31 divide 265019?
True
Is 737 a factor of 2118227?
False
Is 363 a factor of 759396?
True
Is 984422 a multiple of 5?
False
Does 23 divide 2296520?
False
Is 164 a factor of 12929268?
True
Is 103714 a multiple of 7?
False
Is 41 a factor of 275078?
False
Does 71 divide 1419333?
False
Is 6028668 a multiple of 324?
True
Does 569 divide 616227?
True
Is 187 a factor of 264274?
False
Is 33 a factor of 123779?
False
Does 9 divide 52539?
False
Does 68 divide 530394?
False
Is 763550 a multiple of 50?
True
Is 1698192 a multiple of 274?
False
Does 13 divide 7548913?
False
Is 15997 a multiple of 17?
True
Is 146998 a multiple of 67?
True
Is 106248 a multiple of 456?
True
Is 19 a factor of 505892?
False
Is 65 a factor of 481325?
True
Does 59 divide 2363085?
False
Is 1942095 a multiple of 129?
True
Is 13270762 a multiple of 16?
False
Is 13 a factor of 332670?
True
Does 9 divide 13946?
False
Does 856 divide 412211?
False
Is 1041251 a multiple of 8?
False
Is 1270560 a multiple of 7?
False
Is 32574 a multiple of 342?
False
Is 84822 a multiple of 67?
True
Is 473765 a multiple of 95?
True
Is 2 a factor of 85343?
False
Is 330042 a multiple of 134?
True
Is 339 a factor of 1412544?
False
Does 33 divide 167718?
False
Does 9 divide 194390?
False
Does 23 divide 6520521?
False
Does 121 divide 1061198?
False
Is 39 a factor of 677287?
False
Does 126 divide 396648?
True
Is 15933 a multiple of 2?
False
Is 12 a factor of 822456?
True
Is 406002 a multiple of 157?
True
Is 4344 a multiple of 4?
True
Does 370 divide 3822830?
False
Is 1631089 a multiple of 167?
True
Is 187 a factor of 2444277?
True
Does 250 divide 4000?
True
Is 36 a factor of 119710?
False
Does 19 divide 178601?
False
Is 1073 a factor of 9421732?
False
Is 23 a factor of 219933?
False
Does 184 divide 307802?
False
Does 56 divide 102459?
False
Is 5635305 a multiple of 60?
False
Does 122 divide 62464?
True
Is 776 a factor of 743852?
False
Does 69 divide 75210?
True
Does 3 divide 808711?
False
Is 4467155 a multiple of 283?
True
Is 88 a factor of 294184?
True
Does 524 divide 2329999?
False
Is 376640 a multiple of 64?
True
Does 9 divide 158444?
False
Is 999003 a multiple of 19?
False
Is 18 a factor of 5319197?
False
Does 85 divide 70635?
True
Is 108940 a multiple of 13?
True
Is 1561615 a multiple of 30?
False
Is 708214 a multiple of 7?
False
Is 1212810 a multiple of 15?
True
Is 352 a factor of 5985760?
True
Is 87 a factor of 143223?
False
Is 36 a factor of 3249575?
False
Is 674366 a multiple of 143?
False
Is 293648 a multiple of 19?
False
Does 64 divide 976363?
False
Is 258128 a multiple of 3?
False
Does 75 divide 89775?
True
Does 11 divide 237347?
True
Is 1859320 a multiple of 940?
True
Does 127 divide 166624?
True
Is 13391945 a multiple of 35?
True
Is 15858 a multiple of 18?
True
Is 1023 a factor of 3670524?
True
Is 3109086 a multiple of 61?
False
Does 24 divide 697824?
True
Is 122 a factor of 854?
True
Does 23 divide 930304?
True
Is 1168570 a multiple of 10?
True
Does 362 divide 4493868?
True
Is 102372 a multiple of 449?
True
Is 966384 a multiple of 12?
True
Is 289 a factor of 693311?
True
Does 449 divide 659792?
False
Is 1717930 a multiple of 71?
False
Does 2 divide 62075?
False
Is 980 a factor of 2247866?
False
Does 6 divide 27426?
True
Is 16034135 a multiple of 991?
False
Does 1563 divide 12650922?
True
Does 23 divide 6624?
True
Does 3 divide 151241?
False
Is 741195 a multiple of 9?
True
Is 10 a factor of 154150?
True
Is 7673233 a multiple of 332?
False
Is 1675820 a multiple of 50?
False
Is 2288891 a multiple of 13?
False
Is 265958 a multiple of 121?
True
Is 32 a factor of 178112?
True
Is 2517789 a multiple of 554?
False
Does 27 divide 107784?
True
Is 1259056 a multiple of 8?
True
Is 88 a factor of 47872?
True
Does 82 divide 180892?
True
Is 1951916 a multiple of 270?
False
Is 404240 a multiple of 198?
False
Does 331 divide 558054?
False
Is 3 a factor of 39839?
False
Is 5935538 a multiple of 82?
False
Does 85 divide 188360?
True
Is 142579 a multiple of 51?
False
Does 7 divide 107492?
True
Is 984 a factor of 3462755?
False
Does 125 divide 79860?
False
Is 21 a factor of 1006721?
False
Is 17 a factor of 835639?
False
Does 68 divide 2480504?
True
Is 2691264 a multiple of 13?
False
Is 8474697 a multiple of 195?
False
Is 52 a factor of 530933?
False
Is 541 a factor of 588952?
False
Is 6609416 a multiple of 88?
True
Does 5 divide 944903?
False
Does 231 divide 5553240?
True
Is 204900 a multiple of 30?
True
Does 112 divide 7708175?
False
Is 3301725 a multiple of 285?
True
Is 524162 a multiple of 694?
False
Does 7 divide 68311?
False
Is 377 a factor of 17116?
False
Is 30 a factor of 4685814?
False
Is 353 a factor of 266868?
True
Does 17 divide 184468?
False
Does 117 divide 424468?
False
Is 931944 a multiple of 39?
True
Does 119 divide 264418?
True
Is 97685 a multiple of 7?
True
Is 52 a factor of 26849576?
True
Is 186 a factor of 93163?
False
Is 10 a factor of 402480?
True
Is 19 a factor of 140505?
True
Does 12 divide 6481474?
False
Is 332827 a multiple of 70?
False
Is 157 a factor of 109161?
False
Does 25 divide 1730607?
False
Does 13 divide 222586?
True
Is 23 a factor of 6471165?
True
Does 13 divide 524401?
False
Is 428 a factor of 303024?
True
Does 41 divide 1095169?
False
Is 1370376 a multiple of 122?
False
Is 13537126 a multiple of 97?
True
Is 235 a factor of 1714325?
True
Is 269444 a multiple of 14?
True
Is 132 a factor of 278031?
False
Is 307 a factor of 3101928?
True
Is 10 a factor of 227870?
True
Does 95 divide 923428?
False
Is 513 a factor of 219587?
False
Is 93046 a multiple